et l(r) = -r**3 + 4*r**2 + 6*r + 4. Let k be l(5). Let u be -13 - (k/(-3) - -6). What is the units digit of (-3)/(-2)*u/(-6)?
4
Let y be (-50)/(-20) + 1/2. What is the units digit of 19*y - (1 + (-3)/1)?
9
Suppose -74 = -3*y + 724. What is the tens digit of y?
6
Suppose 1248 = 2*s + 5*p, -p = 1 - 3. What is the units digit of s?
9
Let m(k) = -5*k**2 - 101*k + 40. What is the units digit of m(-12)?
2
Suppose 2*p = 8, -4*l - 2*p + 16 = -p. Let c be -3*(7 - l)/12. What is the units digit of 1 - (-3 + c - 1)?
6
Let y be 4/3*21/7. Suppose -y*t + 65 = 189. Let s = t + 71. What is the units digit of s?
0
Let h(u) = u**2 + 25*u - 359. What is the hundreds digit of h(28)?
1
Let m(d) = -2*d**3 + 10 + 5*d**3 + d + 8*d**2 - 2*d**3. Let c be m(-8). What is the tens digit of -8*(6/(-8) - c)?
2
Suppose -3*b = -0 - 6. Suppose 156 = 5*x + b*t, 5*t = -x + 4*x - 75. Suppose -z - 31 = -5*o, -2*o - 3*z = z - x. What is the units digit of o?
7
Suppose 8*r + 0*r = -192. What is the tens digit of (r/(-48))/(((-3)/(-112))/3)?
5
Let v be 6/12 - 22/(-4). Suppose -x = f - 38 - v, -164 = -3*x + 5*f. Suppose 45 = 2*w + 3*n - 2*n, -2*n + x = 2*w. What is the tens digit of w?
2
Let j(z) = 4*z**2 - 34*z + 19. What is the tens digit of j(16)?
9
Let t(r) be the third derivative of r**6/120 - r**4/24 + 15*r**3/2 - 21*r**2. What is the units digit of t(0)?
5
Let o(t) = -22435 + 7*t + 0*t**3 - t**3 + 22420. What is the units digit of o(-7)?
9
Let x be 319/4 - (-9)/36. Let h be ((-6)/5)/(12/x). What is the tens digit of (2 - 16)/(h/32)?
5
Let j(x) = 25*x + 19. Let u be j(5). Suppose 4*y = -3*o + 4*o + 20, 2*y - 20 = 3*o. Suppose q = y*q - u. What is the units digit of q?
8
Let k be 31/(-3 - (-38)/12). Suppose -k = -2*v - v. What is the units digit of v?
2
Let v(q) = q**3 + q**2 - 2*q - 5. Let m be v(6). Suppose -6*k + m - 31 = 0. What is the tens digit of k?
3
Let k(u) = -27*u + 8. What is the hundreds digit of k(-20)?
5
Let r = 1653 + -711. What is the hundreds digit of r?
9
Let f(b) = -2*b - 20. Let p be f(-15). Let x(u) = -u**2 + 11*u - 10. Let h be x(p). Suppose 3*z + h*z - 75 = 0. What is the units digit of z?
5
Let q(s) = -13*s + 11. Let l be q(-21). Suppose 0*h + h + 72 = n, -4*n = -2*h - l. What is the units digit of n?
0
Let h(i) be the first derivative of 6*i**3 + i**2/2 + 2*i - 9. Let c be h(2). Let f = c + -52. What is the units digit of f?
4
Suppose 0 = 3*s + 3*s - 30. Suppose s*m - 7*m = 0. Suppose -6*i + 2*i + 32 = m. What is the units digit of i?
8
Let p be 1*5 - 1890/45. Let t = -73 - -146. Let d = t + p. What is the tens digit of d?
3
Let y(v) = -v**3 + 24*v**2 - 26*v - 11. What is the hundreds digit of y(22)?
3
Suppose -v + z = -1229, -4*z - 3683 = 88*v - 91*v. What is the thousands digit of v?
1
Let j = -2708 + 4307. What is the units digit of j?
9
Let l be (13/((-390)/(-12)))/(1/5). Suppose -l*x = -160 - 2. What is the tens digit of x?
8
Let j(a) = -12*a + 6 + 7 + 14*a**2 - 15*a**2. What is the units digit of j(-9)?
0
Let p(k) = k**3 + 10*k**2 + 10*k + 8. Let l be p(-9). What is the tens digit of l - (-96 + -3 - -1)?
9
Let k(z) = 3*z**2 - 2*z - 18. What is the units digit of k(14)?
2
Let f = 6 + 0. Suppose c = -3*i - 3, -c - 3*c - 3*i = -f. Let g = 43 + c. What is the units digit of g?
6
Let y = 5284 + -3668. What is the tens digit of y?
1
Let m = 1870 - 1058. Suppose 4*j = -0*j + m. What is the units digit of j?
3
Suppose 5*q = 6 + 4. Suppose 0 = -2*l + a + q*a + 25, 6 = -2*a. What is the tens digit of l + 4/12*6?
1
Suppose 0 = -4*b - 4 + 24. Suppose 0 = b*y + 10, 2*t = 3*t - 3*y - 16. Let u = t + 13. What is the tens digit of u?
2
Suppose 4*t - 58 - 203 = -x, -4*t + 514 = 2*x. What is the units digit of x?
3
Suppose 3*w - 1620 = 3*h, 0*h - 4*h + 1606 = 3*w. What is the tens digit of w?
3
What is the tens digit of (-80)/(-280) + (-1970)/(-14)?
4
What is the units digit of 79072/128 - (-2)/8?
8
Let o(p) be the second derivative of -p**5/20 + p**3/3 + 7*p**2 - 2*p. Let w be o(0). Let y(i) = -i + 44. What is the units digit of y(w)?
0
Suppose 5*i - 518 = 92. Suppose 0 = n + 3*d - 78, 10*n - 9*n - 79 = -2*d. Let j = i - n. What is the tens digit of j?
4
Let i = -7 - -7. Suppose i = -0*u - 5*u + 545. What is the tens digit of u?
0
Suppose -5*s - 578 + 1853 = 0. What is the units digit of s?
5
Suppose -8*r - 3685 = -19*r. What is the tens digit of r?
3
Let k = 157 + -43. Let d = 75 + k. What is the hundreds digit of d?
1
Suppose 15*p = 19*p. What is the tens digit of 642/3 + (p/(-2) - -2)?
1
Let j(f) = f**2 + 13*f - 11. Let o be j(-12). Let r = o - -29. Suppose -r*w = -396 + 54. What is the units digit of w?
7
Let d(f) = f**2 + 6*f + 5. Let w be d(-5). Let b be -11 - w - (-1 - 0). Let t = b + 22. What is the units digit of t?
2
Let a = -1 + 1. Suppose a = -l + 7. Let f(o) = o - 3. What is the units digit of f(l)?
4
Let x(i) = -8*i**2 - 10*i - 1. Let q be x(-5). Let n = -95 - q. Suppose -2*o + 44 = -n. What is the units digit of o?
0
Suppose 6*f = -f + 7357. What is the units digit of f?
1
Suppose 0 = 4*c - t - 34, 0 = -4*c - 2*t - 9 + 37. Suppose f + f = -c. What is the units digit of 14/(f/(-4))*2?
8
Suppose -3*b + 21 = 3*w, -2*b - 5*w = -b - 15. Suppose -b*t + 3*j - 74 = -6*t, 0 = 4*t + 3*j - 314. Let u = t - 52. What is the tens digit of u?
2
Suppose -q - 4*u - 238 = -1064, 4*u = 2*q - 1676. What is the units digit of q?
4
Let c(i) = 103*i + 10. Let m be c(-3). Let l = -135 - m. What is the tens digit of l?
6
Suppose 9*p - 2*n = 5*p + 1570, 1180 = 3*p - 2*n. What is the hundreds digit of p?
3
Let m(a) = a**3 - 5*a**2 - 4*a - 5. Let o be m(6). Suppose o*l - 370 = 218. What is the units digit of l?
4
Let t(n) be the third derivative of -n**5/60 - n**4/6 + 7*n**3/3 - 4*n**2. Let a be t(-6). Suppose a*v - 56 = -0*v. What is the tens digit of v?
2
Suppose 3*t = -y + 32, t - 5*y = 8 + 8. Let i = -11 + t. What is the units digit of 4 + i - (-45)/1?
9
Suppose 8*g - 24801 = -353. What is the thousands digit of g?
3
Suppose -p - 1529 = -x + 4*x, -3*x - 3*p = 1521. Let c = x + 821. What is the units digit of c?
0
Let y(p) = 2*p**2 - 7*p - 5. Let m be y(6). What is the tens digit of (-28 + m)/((-1)/13)?
3
Let i = 47 + -52. What is the tens digit of 232 + 36/(-45)*i/2?
3
Let j = 517 - -78. What is the units digit of j?
5
Let b be 34/(-119)*(-14)/4. What is the hundreds digit of b/(12/(-112))*-21?
1
Let d(i) = -i**3 - 12*i**2 - 13*i - 6. Let a = -49 + 38. What is the units digit of d(a)?
6
Let t = -60 + 6. Let z = 0 - t. What is the units digit of z?
4
Let p(o) = -9*o**3 - 16*o**2 + 20*o - 17. Let m(i) = 5*i**3 + 8*i**2 - 10*i + 9. Let q(c) = -7*m(c) - 4*p(c). What is the units digit of q(-8)?
5
Let o(w) = -w**2 + 30. Let x = -35 - -35. What is the units digit of o(x)?
0
Let h(v) be the first derivative of v**3/3 + 5*v**2 + 29*v - 1. What is the units digit of h(-12)?
3
Let j = 96 - 75. Suppose 216 = j*h - 13*h. What is the units digit of h?
7
Let d = 31 - -375. What is the tens digit of d?
0
Suppose 2*b - 4 = 0, 0 = -5*g - b + 2 + 20. Let i be 6/g + 7/2. Suppose -4*c + 3 = -i. What is the units digit of c?
2
Let w(g) = g**2 + 39*g + 200. What is the units digit of w(37)?
2
Let d(q) = 23*q + 123. What is the units digit of d(10)?
3
Let a(r) = -r**3 + 22*r**2 - 6*r + 10. What is the hundreds digit of a(19)?
9
Let o(i) = 17*i + 20. Let m be o(-7). Let r = 165 + m. What is the units digit of r?
6
Let f(d) = 3*d + 14. Let i be f(-6). Let u(p) = -p**3 - 3*p**2 + 3*p + 8. What is the units digit of u(i)?
2
Suppose -6*m = -26 - 64. Suppose 17*j - m*j - 120 = 0. What is the tens digit of j?
6
Suppose -3694 = -10*x + 5756. What is the tens digit of x?
4
Suppose 0 = 7*k - 1867 - 625. What is the tens digit of k?
5
What is the thousands digit of 4/(-10) + (-44044)/(-35)?
1
Suppose -14*v + 13697 = -9*v + 4*g, 2*g + 4 = 0. What is the thousands digit of v?
2
Suppose 0 = -4*j + 5 + 15. Let k(z) = z**3 - 6*z**2 + 7*z - 5. Let s be k(j). Suppose -35 = s*o - 225. What is the tens digit of o?
3
Suppose -3*n = -4*r + 892, 464 = -r + 3*r + 3*n. Suppose -18*k + 3754 = r. What is the units digit of k?
6
Suppose 0 = 2*s - 5*s - 81. Let k = s - -19. What is the units digit of (-194)/k + 1/(-4)?
4
Let d(y) = 14*y**2 - 2*y - 2. Let k be 8/(-12)*(-3 + (-15)/(-2)). What is the hundreds digit of d(k)